{"id":15,"date":"2024-05-08T18:25:47","date_gmt":"2024-05-08T18:25:47","guid":{"rendered":"https:\/\/ecogranitoscr.com\/?page_id=15"},"modified":"2024-05-08T19:02:56","modified_gmt":"2024-05-08T19:02:56","slug":"empresa","status":"publish","type":"page","link":"https:\/\/ecogranitoscr.com\/index.php\/empresa\/","title":{"rendered":"Empresa"},"content":{"rendered":"<div class=\"xdj266r x11i5rnm xat24cr x1mh8g0r x1vvkbs x126k92a\">\n<div dir=\"auto\">Somos ECOGRANITOS DE COSTA RICA <span class=\"x3nfvp2 x1j61x8r x1fcty0u xdj266r xhhsvwb xat24cr xgzva0m xxymvpz xlup9mm x1kky2od\"><img loading=\"lazy\" decoding=\"async\" class=\"xz74otr\" src=\"https:\/\/static.xx.fbcdn.net\/images\/emoji.php\/v9\/tca\/1\/16\/1f1e8_1f1f7.png\" alt=\"\ud83c\udde8\ud83c\uddf7\" width=\"16\" height=\"16\" \/><\/span> una empresa confiable y con trayectoria.<\/div>\n<\/div>\n<div class=\"x11i5rnm xat24cr x1mh8g0r x1vvkbs xtlvy1s x126k92a\">\n<div dir=\"auto\">-Trabajamos materiales de la m\u00e1s alta gamma, instalados por el mejor personal especializado.<\/div>\n<\/div>\n<div class=\"x11i5rnm xat24cr x1mh8g0r x1vvkbs xtlvy1s x126k92a\">\n<div dir=\"auto\">-Ponga su proyecto en buenas manos, con responsabilidad y dedicaci\u00f3n en cada detalle.<\/div>\n<\/div>\n<div class=\"x11i5rnm xat24cr x1mh8g0r x1vvkbs xtlvy1s x126k92a\">\n<div dir=\"auto\">Nos pueden visitar en Guapiles y sucursal en Lim\u00f3n centro!<\/div>\n<div dir=\"auto\">Env\u00eda un mensaje a Ecogranitos De Costa Rica por WhatsApp sin guardar nuestro contacto con solamente un click en este link. <a class=\"x1i10hfl xjbqb8w x1ejq31n xd10rxx x1sy0etr x17r0tee x972fbf xcfux6l x1qhh985 xm0m39n x9f619 x1ypdohk xt0psk2 xe8uvvx xdj266r x11i5rnm xat24cr x1mh8g0r xexx8yu x4uap5 x18d9i69 xkhd6sd x16tdsg8 xggy1nq x1a2a7pz xt0b8zv x1hl2dhg x1fey0fg\" tabindex=\"0\" role=\"link\" href=\"https:\/\/l.facebook.com\/l.php?u=https%3A%2F%2Fwa.me%2Fmessage%2FOLWYWSWSQEVCK1%3Ffbclid%3DIwZXh0bgNhZW0CMTAAAR07du5woZLbTdCLjPUOIa7FpThHMrmQbBywnIbktQ0WSNjL-3V9J35cUsE_aem_AYaDwpj0lM-rOQaKfr35FH8_PARkBrZCNbrR_8C6k3mFyN1QNerimxQvyegA-kCu6BbRNlSPgz-8Q7Zo_m9Fk89V&amp;h=AT1NmZJb-iZzoDPw6t2_jWVnA4Cf0dowY_1Dbm_V3oFQIZJQpVZTiAjcRbXodA87ZK84K0IkcjFspiIz_gjzkuMYBmPXQ6-NTZRhnrth7MNLghwrpnhIuA-zS_ClrOCSGtEl&amp;__tn__=-UK-R&amp;c[0]=AT32zToxBKadGelYfkCHL8DaZJrHJi66UcXidA9Nlb3ubMIDdzMd1T9gFn4RcW36IWsVQ7kGdb6vNw_v6beG2ifj7LQOYQL7t0d9yS-pP0Ww-OsO0wmw3DPy30_gEIBwCwoG3AU6YRLGqQgtDzatVdR6i2hREtBEzPDBIFpGj36Z_m3YzJ58GmgJEavRe97b0w\" target=\"_blank\" rel=\"nofollow noopener noreferrer\">https:\/\/wa.me\/message\/OLWYWSWSQEVCK1<\/a><\/div>\n<\/div>\n<div class=\"x11i5rnm xat24cr x1mh8g0r x1vvkbs xtlvy1s x126k92a\">\n<div dir=\"auto\">Gu\u00e1piles: 2261-0191<\/div>\n<\/div>\n<div class=\"x11i5rnm xat24cr x1mh8g0r x1vvkbs xtlvy1s x126k92a\">\n<div dir=\"auto\">Lim\u00f3n: 7019-4072<\/div>\n<\/div>\n<div class=\"x11i5rnm xat24cr x1mh8g0r x1vvkbs xtlvy1s x126k92a\">\n<div dir=\"auto\">Whatsapp y Ventas:<\/div>\n<div dir=\"auto\">87979286 &#8211; 70060323 &#8211; 89844182<\/div>\n<div dir=\"auto\"><a class=\"x1i10hfl xjbqb8w x1ejq31n xd10rxx x1sy0etr x17r0tee x972fbf xcfux6l x1qhh985 xm0m39n x9f619 x1ypdohk xt0psk2 xe8uvvx xdj266r x11i5rnm xat24cr x1mh8g0r xexx8yu x4uap5 x18d9i69 xkhd6sd x16tdsg8 xggy1nq x1a2a7pz xt0b8zv x1hl2dhg x1fey0fg xo1l8bm\" tabindex=\"0\" role=\"link\" href=\"https:\/\/www.facebook.com\/hashtag\/granito?__eep__=6&amp;__cft__[0]=AZV9oPA6jVdXv2xpWeWZ0I3IDOpx2JmPoCZww2amVt9juoOGlxtsEC0b2ewMPkCWWGka5zmgVyBlrjvQWEsDUdJHpMz8uDWHNjOLDqJXxO_SRfG0-EJtaWq1FZLLnak5Ez-Nc4eSaZAl4hJCRMLfAa8AsfaEwJsbpRD4sZj_KY6-Wg&amp;__tn__=*NK-R\">#granito<\/a> <a class=\"x1i10hfl xjbqb8w x1ejq31n xd10rxx x1sy0etr x17r0tee x972fbf xcfux6l x1qhh985 xm0m39n x9f619 x1ypdohk xt0psk2 xe8uvvx xdj266r x11i5rnm xat24cr x1mh8g0r xexx8yu x4uap5 x18d9i69 xkhd6sd x16tdsg8 xggy1nq x1a2a7pz xt0b8zv x1hl2dhg x1fey0fg xo1l8bm\" tabindex=\"0\" role=\"link\" href=\"https:\/\/www.facebook.com\/hashtag\/cuarzos?__eep__=6&amp;__cft__[0]=AZV9oPA6jVdXv2xpWeWZ0I3IDOpx2JmPoCZww2amVt9juoOGlxtsEC0b2ewMPkCWWGka5zmgVyBlrjvQWEsDUdJHpMz8uDWHNjOLDqJXxO_SRfG0-EJtaWq1FZLLnak5Ez-Nc4eSaZAl4hJCRMLfAa8AsfaEwJsbpRD4sZj_KY6-Wg&amp;__tn__=*NK-R\">#cuarzos<\/a> <a class=\"x1i10hfl xjbqb8w x1ejq31n xd10rxx x1sy0etr x17r0tee x972fbf xcfux6l x1qhh985 xm0m39n x9f619 x1ypdohk xt0psk2 xe8uvvx xdj266r x11i5rnm xat24cr x1mh8g0r xexx8yu x4uap5 x18d9i69 xkhd6sd x16tdsg8 xggy1nq x1a2a7pz xt0b8zv x1hl2dhg x1fey0fg xo1l8bm\" tabindex=\"0\" role=\"link\" href=\"https:\/\/www.facebook.com\/hashtag\/dise%C3%B1odecocinas?__eep__=6&amp;__cft__[0]=AZV9oPA6jVdXv2xpWeWZ0I3IDOpx2JmPoCZww2amVt9juoOGlxtsEC0b2ewMPkCWWGka5zmgVyBlrjvQWEsDUdJHpMz8uDWHNjOLDqJXxO_SRfG0-EJtaWq1FZLLnak5Ez-Nc4eSaZAl4hJCRMLfAa8AsfaEwJsbpRD4sZj_KY6-Wg&amp;__tn__=*NK-R\">#dise\u00f1odecocinas<\/a><\/div>\n<div dir=\"auto\"><a class=\"x1i10hfl xjbqb8w x1ejq31n xd10rxx x1sy0etr x17r0tee x972fbf xcfux6l x1qhh985 xm0m39n x9f619 x1ypdohk xt0psk2 xe8uvvx xdj266r x11i5rnm xat24cr x1mh8g0r xexx8yu x4uap5 x18d9i69 xkhd6sd x16tdsg8 xggy1nq x1a2a7pz xt0b8zv x1hl2dhg x1fey0fg xo1l8bm\" tabindex=\"0\" role=\"link\" href=\"https:\/\/www.facebook.com\/hashtag\/cocinas?__eep__=6&amp;__cft__[0]=AZV9oPA6jVdXv2xpWeWZ0I3IDOpx2JmPoCZww2amVt9juoOGlxtsEC0b2ewMPkCWWGka5zmgVyBlrjvQWEsDUdJHpMz8uDWHNjOLDqJXxO_SRfG0-EJtaWq1FZLLnak5Ez-Nc4eSaZAl4hJCRMLfAa8AsfaEwJsbpRD4sZj_KY6-Wg&amp;__tn__=*NK-R\">#cocinas<\/a> <a class=\"x1i10hfl xjbqb8w x1ejq31n xd10rxx x1sy0etr x17r0tee x972fbf xcfux6l x1qhh985 xm0m39n x9f619 x1ypdohk xt0psk2 xe8uvvx xdj266r x11i5rnm xat24cr x1mh8g0r xexx8yu x4uap5 x18d9i69 xkhd6sd x16tdsg8 xggy1nq x1a2a7pz xt0b8zv x1hl2dhg x1fey0fg xo1l8bm\" tabindex=\"0\" role=\"link\" href=\"https:\/\/www.facebook.com\/hashtag\/m%C3%A1rmoles?__eep__=6&amp;__cft__[0]=AZV9oPA6jVdXv2xpWeWZ0I3IDOpx2JmPoCZww2amVt9juoOGlxtsEC0b2ewMPkCWWGka5zmgVyBlrjvQWEsDUdJHpMz8uDWHNjOLDqJXxO_SRfG0-EJtaWq1FZLLnak5Ez-Nc4eSaZAl4hJCRMLfAa8AsfaEwJsbpRD4sZj_KY6-Wg&amp;__tn__=*NK-R\">#m\u00e1rmoles<\/a> <a class=\"x1i10hfl xjbqb8w x1ejq31n xd10rxx x1sy0etr x17r0tee x972fbf xcfux6l x1qhh985 xm0m39n x9f619 x1ypdohk xt0psk2 xe8uvvx xdj266r x11i5rnm xat24cr x1mh8g0r xexx8yu x4uap5 x18d9i69 xkhd6sd x16tdsg8 xggy1nq x1a2a7pz xt0b8zv x1hl2dhg x1fey0fg xo1l8bm\" tabindex=\"0\" role=\"link\" href=\"https:\/\/www.facebook.com\/hashtag\/acabadosdelujo?__eep__=6&amp;__cft__[0]=AZV9oPA6jVdXv2xpWeWZ0I3IDOpx2JmPoCZww2amVt9juoOGlxtsEC0b2ewMPkCWWGka5zmgVyBlrjvQWEsDUdJHpMz8uDWHNjOLDqJXxO_SRfG0-EJtaWq1FZLLnak5Ez-Nc4eSaZAl4hJCRMLfAa8AsfaEwJsbpRD4sZj_KY6-Wg&amp;__tn__=*NK-R\">#AcabadosdeLujo<\/a> <a class=\"x1i10hfl xjbqb8w x1ejq31n xd10rxx x1sy0etr x17r0tee x972fbf xcfux6l x1qhh985 xm0m39n x9f619 x1ypdohk xt0psk2 xe8uvvx xdj266r x11i5rnm xat24cr x1mh8g0r xexx8yu x4uap5 x18d9i69 xkhd6sd x16tdsg8 xggy1nq x1a2a7pz xt0b8zv x1hl2dhg x1fey0fg xo1l8bm\" tabindex=\"0\" role=\"link\" href=\"https:\/\/www.facebook.com\/hashtag\/muebles?__eep__=6&amp;__cft__[0]=AZV9oPA6jVdXv2xpWeWZ0I3IDOpx2JmPoCZww2amVt9juoOGlxtsEC0b2ewMPkCWWGka5zmgVyBlrjvQWEsDUdJHpMz8uDWHNjOLDqJXxO_SRfG0-EJtaWq1FZLLnak5Ez-Nc4eSaZAl4hJCRMLfAa8AsfaEwJsbpRD4sZj_KY6-Wg&amp;__tn__=*NK-R\">#Muebles<\/a> <a class=\"x1i10hfl xjbqb8w x1ejq31n xd10rxx x1sy0etr x17r0tee x972fbf xcfux6l x1qhh985 xm0m39n x9f619 x1ypdohk xt0psk2 xe8uvvx xdj266r x11i5rnm xat24cr x1mh8g0r xexx8yu x4uap5 x18d9i69 xkhd6sd x16tdsg8 xggy1nq x1a2a7pz xt0b8zv x1hl2dhg x1fey0fg xo1l8bm\" tabindex=\"0\" role=\"link\" href=\"https:\/\/www.facebook.com\/hashtag\/ecogranitoscr?__eep__=6&amp;__cft__[0]=AZV9oPA6jVdXv2xpWeWZ0I3IDOpx2JmPoCZww2amVt9juoOGlxtsEC0b2ewMPkCWWGka5zmgVyBlrjvQWEsDUdJHpMz8uDWHNjOLDqJXxO_SRfG0-EJtaWq1FZLLnak5Ez-Nc4eSaZAl4hJCRMLfAa8AsfaEwJsbpRD4sZj_KY6-Wg&amp;__tn__=*NK-R\">#ecogranitoscr<\/a><\/div>\n<\/div>\n","protected":false},"excerpt":{"rendered":"<p>Somos ECOGRANITOS DE COSTA RICA una empresa confiable y con trayectoria. -Trabajamos materiales de la m\u00e1s alta gamma, instalados por el mejor personal especializado. -Ponga su proyecto en buenas manos, con responsabilidad y dedicaci\u00f3n en cada detalle. Nos pueden visitar en Guapiles y sucursal en Lim\u00f3n centro! Env\u00eda un mensaje a Ecogranitos De Costa Rica [&hellip;]<\/p>\n","protected":false},"author":1,"featured_media":0,"parent":0,"menu_order":0,"comment_status":"closed","ping_status":"closed","template":"","meta":{"footnotes":""},"class_list":["post-15","page","type-page","status-publish","hentry"],"_links":{"self":[{"href":"https:\/\/ecogranitoscr.com\/index.php\/wp-json\/wp\/v2\/pages\/15","targetHints":{"allow":["GET"]}}],"collection":[{"href":"https:\/\/ecogranitoscr.com\/index.php\/wp-json\/wp\/v2\/pages"}],"about":[{"href":"https:\/\/ecogranitoscr.com\/index.php\/wp-json\/wp\/v2\/types\/page"}],"author":[{"embeddable":true,"href":"https:\/\/ecogranitoscr.com\/index.php\/wp-json\/wp\/v2\/users\/1"}],"replies":[{"embeddable":true,"href":"https:\/\/ecogranitoscr.com\/index.php\/wp-json\/wp\/v2\/comments?post=15"}],"version-history":[{"count":2,"href":"https:\/\/ecogranitoscr.com\/index.php\/wp-json\/wp\/v2\/pages\/15\/revisions"}],"predecessor-version":[{"id":77,"href":"https:\/\/ecogranitoscr.com\/index.php\/wp-json\/wp\/v2\/pages\/15\/revisions\/77"}],"wp:attachment":[{"href":"https:\/\/ecogranitoscr.com\/index.php\/wp-json\/wp\/v2\/media?parent=15"}],"curies":[{"name":"wp","href":"https:\/\/api.w.org\/{rel}","templated":true}]}}